
True
Does 56 divide 3976?
True
Is 4 a factor of 1052?
True
Is 120 a factor of 10599?
False
Is 2 a factor of 16308?
True
Is 2 a factor of 83?
False
Is 468 a multiple of 76?
False
Does 31 divide 2194?
False
Is 253 a multiple of 57?
False
Is 13 a factor of 442?
True
Does 254 divide 19050?
True
Is 50 a factor of 2270?
False
Is 6 a factor of 53778?
True
Is 1018 a multiple of 11?
False
Is 243 a multiple of 29?
False
Does 6 divide 15636?
True
Is 30 a factor of 39780?
True
Is 29165 a multiple of 307?
True
Is 826 a multiple of 3?
False
Does 54 divide 9936?
True
Is 9 a factor of 27783?
True
Is 9502 a multiple of 76?
False
Does 73 divide 1825?
True
Is 6011 a multiple of 58?
False
Does 4 divide 15259?
False
Is 9 a factor of 90?
True
Is 2 a factor of 981?
False
Is 17 a factor of 6962?
False
Is 4020 a multiple of 7?
False
Is 105 a factor of 3780?
True
Does 85 divide 1150?
False
Does 4 divide 364?
True
Does 11 divide 9821?
False
Does 252 divide 2520?
True
Is 22490 a multiple of 65?
True
Does 4 divide 3544?
True
Is 16764 a multiple of 27?
False
Is 10725 a multiple of 46?
False
Does 73 divide 16936?
True
Does 38 divide 2286?
False
Is 8883 a multiple of 9?
True
Is 223 a multiple of 11?
False
Does 20 divide 11040?
True
Is 13 a factor of 4110?
False
Is 26 a factor of 459?
False
Does 42 divide 5208?
True
Is 27 a factor of 604?
False
Is 10 a factor of 90?
True
Is 6651 a multiple of 89?
False
Is 3 a factor of 369?
True
Does 32 divide 5859?
False
Is 24 a factor of 216?
True
Does 5 divide 876?
False
Does 60 divide 1380?
True
Does 19 divide 323?
True
Does 9 divide 216?
True
Does 2 divide 651?
False
Is 21 a factor of 31122?
True
Is 391 a factor of 31280?
True
Is 11 a factor of 1177?
True
Does 4 divide 1027?
False
Is 5 a factor of 275?
True
Is 1504 a multiple of 47?
True
Does 51 divide 714?
True
Is 378 a multiple of 9?
True
Does 11 divide 13805?
True
Does 9 divide 8397?
True
Is 387 even?
False
Is 1125 a multiple of 5?
True
Does 15 divide 1718?
False
Is 36708 a multiple of 14?
True
Does 13 divide 24310?
True
Is 642 a multiple of 79?
False
Is 12761 a multiple of 106?
False
Is 1115 a multiple of 9?
False
Does 11 divide 906?
False
Is 6 a factor of 3420?
True
Is 338 a multiple of 13?
True
Is 3009 a multiple of 51?
True
Is 9 a factor of 616?
False
Is 37 a factor of 210?
False
Does 49 divide 1270?
False
Is 2060 a multiple of 10?
True
Is 13 a factor of 462?
False
Is 41060 a multiple of 14?
False
Is 13 a factor of 3185?
True
Is 33 a factor of 4885?
False
Does 133 divide 44504?
False
Is 19 a factor of 1803?
False
Is 14927 a multiple of 11?
True
Is 39 a factor of 345?
False
Does 36 divide 1534?
False
Is 4481 a multiple of 38?
False
Does 5 divide 789?
False
Is 1221 a multiple of 11?
True
Is 87 a factor of 5394?
True
Does 3 divide 2678?
False
Is 20 a factor of 17945?
False
Does 9 divide 369?
True
Is 3301 a multiple of 18?
False
Is 40548 a multiple of 85?
False
Is 29 a factor of 1323?
False
Does 6 divide 774?
True
Is 1167 a multiple of 40?
False
Is 162 a multiple of 3?
True
Is 2442 a multiple of 37?
True
Is 51 a factor of 204?
True
Does 23 divide 583?
False
Does 32 divide 23448?
False
Is 70 a factor of 223?
False
Does 17 divide 1496?
True
Is 759 a multiple of 23?
True
Is 5936 a multiple of 16?
True
Does 27 divide 1808?
False
Is 10674 a multiple of 49?
False
Is 90 a factor of 8864?
False
Is 106 a factor of 43248?
True
Does 21 divide 5982?
False
Is 38 a multiple of 6?
False
Is 34 a factor of 10880?
True
Is 171 a multiple of 9?
True
Does 85 divide 11645?
True
Does 44 divide 15004?
True
Is 186666 a multiple of 71?
False
Does 18 divide 10724?
False
Is 305 a multiple of 5?
True
Is 60 a factor of 1031?
False
Is 2340 a multiple of 10?
True
Does 21 divide 3663?
False
Is 4293 a multiple of 32?
False
Is 49 a factor of 1372?
True
Is 17 a factor of 16209?
False
Is 35 a factor of 4760?
True
Does 15 divide 45?
True
Is 228 a multiple of 57?
True
Is 10 a factor of 1778?
False
Is 85 a multiple of 12?
False
Does 2 divide 694?
True
Is 2690 a multiple of 3?
False
Is 2 a factor of 208?
True
Is 50 a factor of 984?
False
Is 1170 a multiple of 39?
True
Does 4 divide 1832?
True
Is 2867 a multiple of 77?
False
Does 70 divide 1960?
True
Is 2556 a multiple of 11?
False
Is 27 a factor of 52250?
False
Is 256 a multiple of 6?
False
Is 8 a factor of 98932?
False
Is 1110 a multiple of 48?
False
Is 12950 a multiple of 5?
True
Does 24 divide 4147?
False
Does 4 divide 516?
True
Is 10 a factor of 1976?
False
Is 3010 a multiple of 14?
True
Does 11 divide 137225?
True
Is 2248 a multiple of 9?
False
Is 24 a factor of 414?
False
Does 3 divide 23?
False
Is 11 a factor of 8565?
False
Is 128 a multiple of 16?
True
Is 14 a factor of 4774?
True
Is 82644 a multiple of 213?
True
Does 13 divide 20865?
True
Is 4584 a multiple of 6?
True
Is 2377 a multiple of 16?
False
Is 15 a factor of 1008?
False
Does 39 divide 78?
True
Does 9 divide 1503?
True
Is 15 a factor of 360?
True
Is 43 a factor of 13158?
True
Does 3 divide 7675?
False
Does 14 divide 4270?
True
Does 12 divide 2004?
True
Is 21142 a multiple of 22?
True
Does 17 divide 21983?
False
Is 4775 a multiple of 14?
False
Does 6 divide 150?
True
Is 1319 a multiple of 142?
False
Is 954 a multiple of 10?
False
Is 728 a multiple of 26?
True
Is 375 a multiple of 3?
True
Is 3559 a multiple of 18?
False
Is 212 a multiple of 11?
False
Does 56 divide 3505?
False
Does 20 divide 28875?
False
Does 62 divide 1662?
False
Does 182 divide 75083?
False
Is 1262 a multiple of 17?
False
Is 16 a factor of 256?
True
Is 3 a factor of 52?
False
Does 41 divide 611?
False
Is 9440 a multiple of 118?
True
Does 70 divide 611?
False
Is 12 a factor of 2675?
False
Is 3107 a multiple of 40?
False
Does 14 divide 274?
False
Is 120 a factor of 35128?
False
Is 56 a factor of 560?
True
Is 2 a factor of 92?
True
Is 300 a multiple of 25?
True
Does 10 divide 101?
False
Is 74080 a multiple of 43?
False
Is 4182 a multiple of 17?
True
Does 58 divide 2890?
False
Does 3 divide 8431?
False
Does 33 divide 2614?
False
Does 33 divide 6930?
True
Is 1827 a multiple of 21?
True
Does 5 divide 1005?
True
Does 25 divide 93?
False
Does 53 divide 1366?
False
Is 15 a factor of 1124?
False
Is 7 a factor of 732?
False
Does 6 divide 2322?
True
Does 59 divide 118?
True
Is 6 a factor of 369?
False
Is 25 a factor of 1186?
False
Does 117 divide 25623?
True
Is 9 a factor of 47?
False
Is 21 a factor of 7402?
False
Does 59 divide 15594?
False
Does 34 divide 1744?
False
Is 10758 a multiple of 4?
False
Does 11 divide 612?
False
Is 59 a multiple of 14?
False
Is 374 a multiple of 5?
False
Is 1073 a multiple of 37?
True
Is 116 a factor of 6380?
True
Is 49755 a multiple of 15?
True
Is 5 a factor of 33340?
True
Does 101 divide 7878?
True
Is 15136 a multiple of 22?
True
Is 489 a multiple of 12?
False
Is 17457 a multiple of 11?
True
Does 5 divide 30655?
True
Is 96 a multiple of 16?
True
Is 38 a factor of 2775?
False
Does 9 divide 11853?
True
Is 17524 a multiple of 25?
False
Is 36001 a multiple of 10?
False
Does 24 divide 607?
False
Does 88 divide 1144?
True
Is 12612 a multiple of 6?
True
Is 12 a factor of 936?
True
Does 5 divide 116?
False
Does 3 divide 8?
False
Does 15 divide 1425?
True
Is 1422 a multiple of 31?
False
Is 1332 a multiple of 101?
False
Is 29 a factor of 15805?
True
Does 9 divide 65693?
False
Does 13 divide 30160?
True
Is 188 a factor of 14444?
False
Does 9 divide 853?
False
Is 145 a factor of 4495?
True
Does 56 divide 810?
False
Does 114 divide 73889?
False
Is 208 a multiple of 35?
False
Is 18592 a multiple of 4?
True
Is 14 a factor of 2142?
True
Is 45 a factor of 5627?
False
Does 12 divide 44652?
True
Is 230 a factor of 20930?
True
Is 26 a factor of 437?
False
Is 63 a factor of 5264?
False
Is 54 a factor of 9544?
False
Does 96 divide 43872?
True
Is 71400 a multiple of 17?
True
Does 12 divide 9937?
False
Does 57 divide 5631?
False
Is 103 a multiple of 3?
False
Does 6 divide 180?
True
Is 5133 a multiple of 87?
True
Does 52 divide 116220?
True
Is 8037 a multiple of 47?
True
Does 11 divide 2574?
True
Is 576 a multiple of 17?
False
Does 66 divide 7062?
True
Is 4894 a multiple of 34?
False
Is 13 a factor of 124?
False
Is 936 a multiple of 13?
True
Is 24937 a multiple of 11?
True
Does 18 divide 2781?
False
Is 2353 a multiple of 13?
True
Is 4 a fac